1*w - v. Give d(w).
-24
Let z(g) be the second derivative of g**3/6 - 4*g**2 + 3*g. Let w be z(5). Let b be (-4 - w - -1) + -5. Let r(c) = -c**3 - 6*c**2 - 7*c - 7. Calculate r(b).
3
Let z(m) = -m**2 + m + 6. Let y(k) = k**3 - 2*k**2 + 6. Let o be y(0). Determine z(o).
-24
Let t(b) = -b**2 - b + 1. Let a(j) = -28*j - 26. Let g be a(-1). Determine t(g).
-5
Let y(q) = -4*q**3 + 7*q**2 - 4*q. Let o(l) = -5*l**3 + 7*l**2 - 5*l - 1. Let m(k) = 5*o(k) - 6*y(k). Let b = -40 - -33. What is m(b)?
2
Let b(u) = u**3 - 10*u**2 + 9*u + 14. Suppose -m = -4*s - 17, m - 62*s = -63*s + 7. Give b(m).
14
Let r = 188 - -86. Let a(h) = r - 2*h - 136 - 138. Calculate a(-1).
2
Suppose -4*t + 4 = -16. Let z be -9*(t/(-3))/5. Let b(m) = 3*m**2 - 2. Calculate b(z).
25
Let q(s) = -s**2 + 10*s - 6. Let y be q(9). Suppose -2*u + 22 = -4*l, -4*l - 15 = -y*u + 8. Let z(c) = 4*c - 1. Calculate z(u).
3
Let d(j) = 7*j - 1. Let w(u) = 14*u - 2. Let l(r) = 5*d(r) - 3*w(r). Let m(q) = 11*q - 1. Let t(i) = 8*l(i) + 5*m(i). Determine t(-4).
7
Let h(i) = -i**3 - 3*i**2 + 2*i + 1. Let l = 28 - 25. Let n be 2/(-1) + (6 - 2). Suppose 3 = -n*w - l. Determine h(w).
-5
Let j(q) = q - 6. Suppose -5*g + 35 = p - 6*p, 0 = 3*g + 3*p - 45. Suppose g*l - 7*l = 6*l. Calculate j(l).
-6
Suppose -3*h - 2*p + 3 + 11 = 0, 4*p = 4*h + 8. Let m(x) = 14*x - 22. Calculate m(h).
6
Let l(f) = -2*f**3 - 9*f**2 - 2*f. Let s be l(-4). Let d(o) = o**3 + 8*o**2 + 7. Give d(s).
7
Let w = 37 - -15. Let a = w - 51. Let v(c) = c**2 + 5*c - 1. Let o(p) = -p**2 + p. Let g(m) = 5*o(m) - v(m). Determine g(a).
-5
Let k(h) = h + 5. Let c be -4*1/2 - -1. Let z = -7 - c. Calculate k(z).
-1
Suppose p = -4*p + 10. Suppose -3*b + 10 = p*v, 0 = -v + 4*b + b - 8. Let y(a) = -v*a + 26 - 26. What is y(1)?
-2
Let w(s) be the second derivative of s**4/6 + s**3/6 - s**2/2 - s. Let y = -116 + 118. Determine w(y).
9
Let i(c) = -c**2 + 2*c. Let o = 6 + -7. Let u(q) = -q. Let g(w) = o*i(w) + u(w). Let h be g(3). Let v(s) = -s + 9. What is v(h)?
9
Suppose -5*z = 3*h - 22, 3*h - 2*h + 4*z - 19 = 0. Let b(p) be the third derivative of 0*p**3 - 15*p**2 + 0*p + 0 - 1/6*p**4. Determine b(h).
4
Suppose 4*a = -3*r, 0 = 2*a - 4*r - 0*r. Let m = 15 - 9. Let h(s) = 2*s**3 - 19. Let w(i) = -i**3 + 9. Let l(y) = m*h(y) + 13*w(y). Calculate l(a).
3
Let j(r) be the first derivative of -r**7/840 - r**6/30 - r**5/10 - 5*r**4/12 + 26*r**3/3 - 8. Let d(p) be the third derivative of j(p). Calculate d(-11).
1
Let d(u) = -5*u + 7. Let n(l) = 4*l - 7. Let q(h) = -3*d(h) - 2*n(h). Let r(t) = -20*t + 21. Let i(f) = -17*q(f) - 6*r(f). What is i(4)?
-3
Suppose -4*m = -3*s - 5, -5*s + 6*s + 3*m - 20 = 0. Let x(v) = 6*v**3 + 16 - v**2 - 6 - s*v**3. What is x(0)?
10
Let d(k) = -2*k + 26. Let f(b) = b - 13. Let w(n) = 4*d(n) + 7*f(n). Suppose 11 = h + 3*r - 11, 1 = 3*h - 4*r. Let t be w(h). Let m(z) = z - 7. Determine m(t).
-1
Let l(j) = -j**3 - j**2 - 1. Suppose -2*u + 0*u + 4*s = 12, s + 6 = -4*u. Let i be l(u). Let w(p) = -2*p**2 + 5*p - 4. Calculate w(i).
-7
Let c(i) = i - 5. Let g be c(6). Let o(a) be the third derivative of -a**4/4 - a**3/6 - 4*a**2 + 2*a. Give o(g).
-7
Let s be (24/(-36))/((-1)/9). Let b(g) be the third derivative of g**4/24 - 3*g**3/2 + 18*g**2. Give b(s).
-3
Let u = -11 + 11. Let k(w) = -2*w + 7. Calculate k(u).
7
Let d(l) be the first derivative of -l**4/4 + 4*l**3/3 + 4*l**2 - 4*l - 45. Calculate d(5).
11
Suppose 3*p - p = 4. Suppose 2*u = -p*s, -2*s - 3*s = -5*u - 20. Let z(y) = 3*y + 4 - s + 1 - 5. What is z(2)?
4
Let k be (2/4)/((-7)/42). Let t = k - -5. Let i(w) = 2 - t*w**2 - 3 + 3*w**2 + 0. Calculate i(2).
3
Let z(b) = -3*b**3 - b**2 + b - 1. Let h(k) = -11*k + 4. Let u be h(-2). Suppose 31 = 5*x + u. What is z(x)?
-4
Let u(f) = f**2 + 8*f + 1. Suppose -10*o + 9*o = -2. Let v be o/8 + (-58)/8. Give u(v).
-6
Let a(w) = 7 - 34*w**2 + 7*w**2 + 18*w + 24*w**2 - w**3. Give a(-6).
7
Let c(s) = -s - 8. Let k(f) = -f**2 - 25*f - 104. Let i be k(-19). Give c(i).
-18
Let v(g) = -2*g**2 - 15*g - 42. Let z(h) = -h**2 - 8*h - 19. Let y(i) = 3*v(i) - 7*z(i). Determine y(-11).
7
Let u(h) = -2*h**2 + 4*h + 5. Suppose x - 5*m + 17 = -21, 8 = 2*m. Let l = x - -22. What is u(l)?
-11
Let u(y) = y**3 + 8*y**2 - 10*y - 10. Let o be u(-9). Let m be o - (-6 - -4) - -17. Let d be (-3)/(m/(-8))*3. Let a(f) = -f - 5. Determine a(d).
-9
Let a = 384 + -382. Let t(v) be the third derivative of 2*v**2 + 1/24*v**4 + 1/3*v**3 + 0 + 0*v - 1/60*v**5. What is t(a)?
0
Let m(x) = -x**3 - 11*x**2 + 11*x - 6. Let a(k) = -21*k - 222. Let g be a(-10). Calculate m(g).
6
Let x be ((-2)/5)/((-3)/30*2). Let a(j) = -1 - j**3 + 5 - 1 - 3*j + 4*j + j**x. Calculate a(0).
3
Suppose 0 = -9*z - 8 + 17. Let x(r) = -21*r**2 - 2*r. Give x(z).
-23
Let d(q) = -47*q + 5. Let u(y) = -54*y + 6. Let n(b) = 7*d(b) - 6*u(b). Let s = 0 + 3. Determine n(s).
-16
Let w(a) = -a - 17. Suppose -16 = d - 51. Suppose -d = 5*k + 5. Calculate w(k).
-9
Let l be (-3)/2*20/6. Let m(t) = 1. Let o(p) = -p - 5. Let n(a) = 2*m(a) - o(a). Give n(l).
2
Let c(l) = -2*l - 6. Suppose 5*z = -21 + 6. Let s be (-1 - 3)/(4 + -6 - z). Give c(s).
2
Let a(d) = -2*d - 6. Suppose -4*j = 2 + 34. Let m be a(j). Suppose b - 4*b + m = 0. Let h(c) = c**3 - 3*c**2 - 6*c + 4. Determine h(b).
-4
Let k(s) = s**3 + s**2 + 2. Let i = 1064 + -1062. Give k(i).
14
Suppose -2*b - 15 = -7*b. Suppose 4*d = -12, -3*t = -b*d + 7*d + 15. Let v(n) = 0*n + 278 - 10*n**2 - 2*n - 279. Determine v(t).
-9
Let z(p) be the first derivative of p**7/840 + p**6/120 - p**5/30 - p**4/6 + 5*p**3/3 - 2. Let d(w) be the third derivative of z(w). Determine d(-4).
-4
Suppose 9*g + 18*g = 189. Let p(d) = d**3 - 8*d**2 + 7*d - 6. Give p(g).
-6
Let v(o) be the second derivative of -1/12*o**4 + 0*o**2 - 1/3*o**3 - 7*o - 1/60*o**5 + 0. Let w(i) be the second derivative of v(i). Determine w(5).
-12
Let o(n) = -n**2 - 14*n + 3. Let u be o(-14). Let m(k) = 3 - 28*k + k**u - 4*k**2 + 35*k - 3*k**2 + 0*k**2. Give m(6).
9
Let s(a) = 5*a**2 + 8*a + 2. Let l(v) = -6*v**2 - 9*v - 2. Let k(q) = 4*l(q) + 5*s(q). Let n = 2 - 0. Let y be n - (-1 + 2 - -4). Give k(y).
-1
Let d(c) = -c**3 - 8*c**2 - 4*c. Let i(n) = 4*n**3 + 34*n**2 + 16*n. Let u(g) = 9*d(g) + 2*i(g). What is u(-3)?
3
Let y(o) be the third derivative of 0 + 0*o**3 + 0*o + 1/24*o**4 + 2*o**2. What is y(-2)?
-2
Let f(o) = 8*o**2 + 5*o + 1. Let y(i) = 9*i**2 + 4*i + 1. Let w(g) = 6*f(g) - 7*y(g). Let c(s) = 2*s**2 - 12*s + 11. Let b be c(5). What is w(b)?
-14
Let t be 5*(-2)/(6 + -4). Let w(y) be the second derivative of -y**5/20 - y**4/3 + 2*y**3/3 + 7*y**2/2 + 11*y - 2. Calculate w(t).
12
Suppose -4*v = -p - 6, 30 = -4*v - p + 32. Let g(r) = -9*r**2 - 3*r + 3. Calculate g(v).
-9
Let w be 58/(-406)*7/(-20). Let v(m) be the second derivative of w*m**5 + 0*m**3 + 0 - m**2 + 5/12*m**4 - m. Calculate v(-5).
-2
Let q(p) be the first derivative of p**4/4 + 4*p**3/3 + 3*p**2/2 + 3*p + 41. Let v(x) = x**2 + 4*x + 1. Let s be v(-2). Determine q(s).
3
Let b(f) = f + 6. Let l be 0*(-4 - (-26)/6). Suppose l*z + 2*z = 8. Let m be (42/12)/(2/z). Determine b(m).
13
Let j(l) = l + 0*l - 3*l. Let z(q) = q**3 + 2*q**2 - 11*q - 10. Let c be z(-4). Suppose 3*r + 11 = -5*v, -3*r - 4*v - 12 = -c. Give j(r).
4
Let n(u) be the third derivative of -u**5/30 - u**4/4 + 7*u**3/6 + u**2. Let w = -77 + 92. Suppose 58*g - w = 61*g. Calculate n(g).
-13
Let s be (30 - (26 + -4))*(-3)/(-4). Let t(q) = -3*q**3 + 7*q**2 - 3*q. Let c(n) = 7*n**3 - 14*n**2 + 6*n + 1. Let d(k) = -2*c(k) - 5*t(k). Determine d(s).
-20
Let t(d) = -d**3 + 11*d**2 - 7*d - 4. Suppose -13*y + 3*y + 100 = 0. Calculate t(y).
26
Let l(b) be the third derivative of -5*b**2 + 0 - 1/60*b**5 + b**3 + 0*b - 1/6*b**4. Let w(o) = -6*o**3 + o**2 - o + 1. Let m be w(1). Calculate l(m).
1
Let m(k) = 11*k**3 - 10*k**2 + 8*k - 6. Let f(a) = 7*a**3 - 7*a**2 + 5*a - 4. Let p(l) = -8*f(l) + 5*m(l). Give p(5).
27
Let s(v) = v. Let t(c) = -10*c + 1. Let u(l) = 6*s(l) + t(l). Suppose 2*i + 12 = 2*o, -2*i - 8 = -o + 3*o. Let p be (-1 - 1)*1 - o. Give u(p).
13
Let b = -23 + 23. Let x(y) = b*y + y**3 - 4*y**2 - 3*y + 1 + 2*y. Determine x(4).
-3
Let t(r) = -5*r - 2. Let g(m) = 21*m + 8. Let y(j) = 6*g(j) + 26*t(j). Let c(p) = -3*p - 12. Let u be c(-5). Suppose 0 = -u*l - l - 12. Determine y(l).
8
Suppo